*u + 1. Determine j(y).
1
Let l(i) = -47*i - 55*i + 1 + 105*i. Give l(-2).
-5
Let w(r) = -r - 1. Let p(l) = 8*l + 2. Let o be 3/9 + (-7)/3. Let n be p(o). Let y be n/(-4) - 2/(-4). Calculate w(y).
-5
Let f(l) = 3*l - 2. Let d be -4 + 9 + -3 + -4. Give f(d).
-8
Suppose -h = 2*d - 42, -3*d = -3*h + 4*h - 63. Suppose -v = -3*v, -v = 3*p + d. Let f(z) = z**2 + 5*z - 8. Determine f(p).
6
Let o(z) be the third derivative of z**6/120 - z**5/12 + 5*z**4/24 + z**3/3 + 2*z**2. Let q(i) = i**3 - 5*i**2 - 4*i - 8. Let t be q(6). What is o(t)?
6
Suppose -3*m = -79 + 4. Let w be 10/m + (-23)/(-5). Let k(n) be the first derivative of -n**4/4 + 2*n**3 - 3*n**2/2 - 2*n + 1. Give k(w).
8
Let o(y) = -y**2 + 5*y + 3. Suppose -4*b - 15 = -43. Give o(b).
-11
Let m be (-3)/7 - 68/(-28). Suppose 8 = -c + 2*o, m*c - 2*o + 11 = o. Let d(x) = x**3 - 2*x**c - x + 5*x**3 - 4*x**3. What is d(2)?
6
Let u(s) = s**2 + 4*s - 6. Let h(x) = 2*x**2 + 9*x - 13. Let b(z) = -3*h(z) + 7*u(z). Let r be -2 + 2/(-2) + 0. Calculate b(r).
3
Let t(d) be the second derivative of d**7/840 - d**6/120 + d**5/40 - d**3/3 + 4*d. Let u(o) be the second derivative of t(o). Give u(2).
2
Let v(r) = 1. Let l(t) = 2*t - 1. Let x(b) = l(b) - 2*v(b). Calculate x(8).
13
Let m(o) = -o + 9. Let q be m(8). Let y(g) = 2 - 4*g - 2*g**2 + q + 2*g. Determine y(2).
-9
Let y(i) be the second derivative of 3*i**5/20 - i**4/12 + i**3/6 + i. Let f = -15 - -16. Give y(f).
3
Let o(i) = -i**3 - 4*i**2 + i - 5. Let n = 71 + -51. Suppose 7*l + n = 2*l. Give o(l).
-9
Let n = 8 + -5. Let a be 8/4*(-2)/(-4). Let y(b) = -3 - b + b**n + 3 - a. Give y(0).
-1
Let h(q) = 16 - q**2 + 9*q - 16 + 1. Calculate h(9).
1
Let f(a) = -15*a**2 + 11*a - 3. Let p(q) = -q**2 + q. Let s(z) = -z**2 + 2*z + 1. Let w(y) = 6*p(y) - s(y). Let v(c) = 3*f(c) - 8*w(c). Determine v(1).
-5
Let o be (-1)/(((-9)/12)/3). Let m(h) = -h**3 - h**2 + 1. Let x(s) = -3*s**3 - 8*s**2 + s + 2. Let g(b) = o*m(b) - x(b). Let k = 3 - 1. Calculate g(k).
8
Let m = -10 - -4. Let x = 10 + m. Suppose -7*w = -3*t - 2*w + 7, 13 = x*t - 3*w. Let z(u) = u**3 - 5*u**2 + 4*u + 1. Calculate z(t).
1
Let m(r) = 12*r + 9. Let s(u) = -4*u - 3. Let g(l) = 6*m(l) + 17*s(l). Let d be (-3)/(-2)*(-2 - 0). Let b = d + 0. Determine g(b).
-9
Let q(g) = -3*g**2 + g. Let t(k) = 2*k**2. Let m(i) = -3*q(i) - 4*t(i). Suppose 0 = -r + 3 + 1. Calculate m(r).
4
Let k(v) = v**3 + v + 1. Let n(i) = i**3 - i**2 + 2*i + 3. Let j(x) = -2*k(x) + n(x). Let b be -3 + 0 + (-1)/(-1). Let g = b + 0. Determine j(g).
5
Let b(v) = 0*v + 8 + v**2 + 3*v - 7 - 6. Give b(-4).
-1
Let m = 65 - 61. Let h(a) = -a - 1. Give h(m).
-5
Let x(f) = -f + 5. Let u be x(3). Let r(w) = -6*w + u*w + 6*w + 1. Calculate r(-2).
-3
Let d(l) be the second derivative of -l**3/6 - l**2/2 + 3*l. Let c(z) = z**2 + 5*z - 10. Let u be c(-6). Give d(u).
3
Let w(c) = c - 5. Let f be w(7). Let s(g) be the third derivative of 1/12*g**4 + 0 + 0*g**3 - 2*g**2 + 0*g - 1/60*g**5. Determine s(f).
0
Let f(n) = -n**3 + 17*n**2 - 14*n - 33. Let l be f(16). Let d(o) = -19*o**3 + 2*o**2 + 2*o + 1. Calculate d(l).
20
Let t(v) = v**2 + 3*v - 5. Let w(o) = 18*o - 26 - 4*o + 10*o**2 - 4*o**2. Let n(a) = -11*t(a) + 2*w(a). Calculate n(4).
-1
Let r(q) be the second derivative of q**8/6720 - q**7/2520 - q**6/720 + q**5/10 - q**4/6 - 5*q. Let m(k) be the third derivative of r(k). Calculate m(0).
12
Suppose 5*u - 20 = 0, x - 2*x = -5*u + 18. Let b(z) = 7 - 5*z**2 - 4*z + 2*z**x - z**3 + 0*z**2 - 3*z**2. Calculate b(-5).
2
Let y(l) = -l**3 + 2*l**2 + 4*l - 6. Let q be y(3). Let s(u) be the first derivative of u**3/3 + 2*u**2 - 4*u + 1. What is s(q)?
-7
Let w = 3 + -9. Let b(a) = -a**3 - 5*a**2 + 3*a - 6. Calculate b(w).
12
Let s(k) = k**3 + 4*k**2 - 5*k + 5. Let g be s(-5). Let c be g/((3/(-3))/1). Let t = 8 + c. Let j(d) = d + 4. Determine j(t).
7
Suppose 5*s - 37 = 3*o + o, s - 14 = 3*o. Let r(z) = 2*z + 7. Let k(b) = 1. Let v(i) = 4*k(i) - r(i). Determine v(s).
-13
Let m be 8/3*(-3)/(-2). Let l(g) = -7 - 8 + m - g. Let u = -13 - -8. Give l(u).
-6
Let y be (-3)/((-9)/(-6)) - -37. Suppose 0 = -4*j - j - y. Let p(k) = -k**2 - 6*k + 4. What is p(j)?
-3
Suppose 3*a + 6 = 5*a. Let m(c) = -2*c - a + 0*c + 5. Suppose -22*p = -9*p - 26. Calculate m(p).
-2
Let w(p) = -p**2 + 8*p + 9. Let j(h) = 2*h**2 - 16*h - 17. Let l(b) = 4*j(b) + 7*w(b). Give l(8).
-5
Suppose -3*d = 3*v - 27, 0 = 4*d - 8*d + 3*v + 8. Let p(z) be the second derivative of -z**3/6 - z**2 + 2*z. Calculate p(d).
-7
Let i(v) = v**3 + 1 + 0*v + 4 + 3*v**2 - 3*v - 2*v. Give i(-5).
-20
Let r(b) = -b**2 + 4*b - 2. Let z(q) = 3*q**2 - 13*q + 5. Let h(c) = 7*r(c) + 2*z(c). Let s(i) be the first derivative of h(i). Give s(-6).
14
Let b(m) = 1. Let z be (-5)/((-5)/(-4)) + 1. Let s(k) = -k + 1. Let y(c) = z*b(c) + 2*s(c). Calculate y(-1).
1
Let w(j) = j**2 - j. Let n(s) = 7*s + 6*s + 5*s + 4 - 6*s. Let r(k) = n(k) + 2*w(k). Let f(a) = 3*a**2 + 15*a + 6. Let i(m) = -5*f(m) + 8*r(m). Calculate i(-3).
-4
Let p(j) = j**2 + j + 2. Let z(r) = r**2 - 7*r - 8. Let f be z(8). Suppose f*o + 2*o = -4. Determine p(o).
4
Let d(y) = y**2 - 6*y + 3. Let s be (-2 + 15)*-1 + 2. Let k = 15 + s. Suppose -j + 10 = k*j. Determine d(j).
-5
Let c be (-1 + 2)*2*-1. Let j = -1 - c. Let k(d) = -d. Let p(s) = 5*s + 1. Let h(r) = j*k(r) + p(r). What is h(-1)?
-3
Let p = 20 + -11. Suppose 5*w = r + p, 15 = 4*r + 3*w - 18. Let t(q) = 2*q. Determine t(r).
12
Let k(c) = 4*c - 2. Let z be k(2). Let o(f) = -16*f**2 - 2 + 29*f**2 + 7*f + 1 - 14*f**2. Determine o(z).
5
Let y(j) = 2*j + 4. Let s be y(-4). Let q(r) = r**3 + 0 + 0*r - 4*r + 2 + 3*r**2. What is q(s)?
2
Let p = -8 - -6. Let y(a) be the third derivative of a**4/12 - a**3/6 - 18*a**2. Give y(p).
-5
Let s(f) = -29*f**2 + 2*f + 1 + 40*f**2 - 5*f + 2*f. What is s(1)?
11
Let z(s) = 11 - s**3 + 7 - 5*s**2 - s - 15. Calculate z(-4).
-9
Let d(z) = -7*z + 3*z - 2*z + 5*z + 2. What is d(-5)?
7
Let q(i) = 3*i. Let h be (3 - 2) + -1 + 4. Suppose 0 = -4*r + h. Calculate q(r).
3
Suppose j = 4*o - 7, 2*j - 21 = -4*o + 1. Let p(b) = 0*b**3 + 2 - b**3 - 1 - 2*b**o - b. Let h be (-1)/2*2*-1. What is p(h)?
-3
Let u(p) = 20*p**2 - 1. Let a = 70 + -71. Calculate u(a).
19
Let z(l) = l**3 + 4*l**2 + 2*l + 1. Let y be (-7)/2 - (-19)/(-38). Calculate z(y).
-7
Let n(f) be the first derivative of f**4/4 - 7*f**3/3 + 3*f**2 - 8*f - 5. What is n(6)?
-8
Let d(b) = b**2 - 3. Let r(g) = -2*g**2 + 4. Let h(l) = 3*d(l) + 2*r(l). Let j be h(0). Let s(v) = 1 - v - 3 - 6*v**2 + 1. What is s(j)?
-6
Let i(q) = -3*q - 5 - 3 + 2. Let t be 10/3*(-24)/16. Give i(t).
9
Let n = -38 - -36. Let r(j) = -j**3 - 2*j**2 + 2. Calculate r(n).
2
Suppose 2*a + 6 + 4 = 0. Let u(t) = -t**2 + 4. Let d(y) = 2*y**2 + y - 8. Let w(f) = a*u(f) - 3*d(f). Give w(-3).
4
Suppose g - 5*v = -15, -4*g + v + 21 = g. Suppose 0 = 5*x + 5*p - 41 + 1, 0 = x - 2*p - g. Let f(u) = x*u - 3 - 3*u - u**2 + 2*u + 0*u**2. Give f(3).
6
Let k(i) = -21*i. Let t(r) = r**3 + 6*r**2 + 6*r + 6. Let q be t(-5). Calculate k(q).
-21
Let s(i) = -i**3 + 3*i**2 + 4*i + 5. Let q be s(4). Let j = -4 + q. Let z(l) = -7*l**3 + l**2 + l - 1. Determine z(j).
-6
Let j = 5 - 5. Let p(c) = -6*c - c**2 + 3 - c**2 + j + 3*c**2. Determine p(2).
-5
Suppose -2*x = 2*x - 8. Let z(l) be the second derivative of l**3/6 - l**2/2 + 3*l. Calculate z(x).
1
Let v be (1 + 0)*(0 - -9). Let q = 14 - v. Suppose 0 = 3*h + 2*h - q. Let n(m) = -3*m**2 - 2*m + 1. Calculate n(h).
-4
Let x(m) = 3 - 1 + m + 5. Calculate x(-3).
4
Let c(q) be the first derivative of q - 1/3*q**3 - 1 - 1/2*q**2. What is c(-2)?
-1
Let g be -4 - (-3 - -1 - -1). Let u(o) = o**3 + 2*o**2 - 3*o - 4. Determine u(g).
-4
Let l(w) = -2*w + 5. Let r(q) = 16*q**3 - 1. Let u be r(-1). Let v(c) = 6*c - 15. Let m(n) = u*l(n) - 6*v(n). Give m(4).
-3
Let s(p) be the first derivative of -1/4*p**4 + 0*p**2 + 2*p**3 - 8 + 3*p. What is s(6)?
3
Let m(z) be the first derivative of z**6/120 - z**5/12 + z**4/12 - z**3/3 - 3*z**2/2 + 1. Let s(n) be the second derivative of m(n). Calculate s(4).
-10
Let a(p) = -8*p**2. Let z be a(1). Let b be 1/(2 + 18/z). Let c(u) = u**3 + 4*u**2 + 3. Give c(b).
3
Let y(d) = -d. Let r(x) = -7*x - 7. Let a(g) = -r(g) + 6*y(g). Let w(f) = f**2 - 2*f + 1. Let m be w(1). Give a(m).
7
Suppose -4*i + 2*i = f - 11, 4*i + f - 1